*s = -i + 3498, -3*i + 4751 = 5*s - 3995. What is the thousands digit of s?
1
Suppose -5*v + 2*v = 0, -v = -4*z + 4. Suppose -t + 6 = -2*h, 5*t - 3*h - 3 = -z. What is the units digit of (2 + 21/(-2))*t?
7
Let q(b) be the second derivative of b**5/20 - 5*b**4/6 - 3*b**3/2 + b**2/2 + b. Let r be -4 - (3/(-2) - 108/8). What is the tens digit of q(r)?
2
Let h = -17 - 183. What is the units digit of h/(-60)*(-204)/(-10)?
8
Let c(d) = 2 - 2 - 2*d + 0 + 2. Let s be c(-6). Suppose 23 = 3*h + 2*v, -4*h - 5*v - s = -40. What is the units digit of h?
9
Suppose 4*v + 0 = 12. Suppose -242 = -v*w - 4*b + 1, 0 = 2*w - 2*b - 176. What is the units digit of w?
5
Let u = -22 - -23. Let i be (-12 - -4)/(u - 2). Let p(l) = l**2 - 7*l + 6. What is the tens digit of p(i)?
1
Suppose 5*q = 3*q - 5*m - 9, -5*q - 4*m = 14. What is the tens digit of (-54)/q - (-2)/(-5)*-5?
2
Let c = 7 + -5. Suppose 4*t + 3*o - 8 = 0, t + 3*o + 15 = -c*o. What is the units digit of t?
5
Let d(g) = -3*g + 4. Suppose -v - v + 3*s - 14 = 0, 6 = 3*s. Let p be d(v). Suppose 155 = 4*c - 5*k + p, 4*c - 109 = -5*k. What is the tens digit of c?
3
Suppose 82*s - 81*s - 11 = 0. What is the units digit of s?
1
Suppose 3*c - 9 = c - 3*x, -3*c + 23 = -5*x. What is the units digit of 2/6 - 8/c*-2?
3
Let j(r) = r**3 + 20*r**2 - 12*r - 31. What is the units digit of j(-10)?
9
Let k(l) = -16 + 3 - 64*l**2 + 76*l**2 + l. What is the tens digit of k(4)?
8
Let n = -12 - -19. Suppose n*j + 8 = 11*j. Suppose -p + 90 = j*p. What is the tens digit of p?
3
Let m(x) = 42*x**3 + 3*x**2 - 3*x - 1. What is the hundreds digit of m(2)?
3
Let w = -225 + 340. Suppose -4*u + w = u. Let n = -12 + u. What is the tens digit of n?
1
Suppose -134*j = -129*j - 1665. What is the tens digit of j?
3
Suppose -107*n = -102*n - 3530. What is the tens digit of n?
0
Let f = 70 - 66. Suppose 380 = 9*d - f*d. What is the tens digit of d?
7
Suppose 0 = -116*t + 70246 + 10606. What is the units digit of t?
7
Let z = 9 + -25. Suppose 0 = 13*r - 8*r - 945. What is the units digit of z/(-6)*r/14?
6
What is the tens digit of 5344*(6 + 88/(-16))?
7
Let d = -739 - -1594. What is the hundreds digit of d?
8
Let t be (16/14)/((-3)/((-21)/2)). Suppose 5*v - 7*n + 3*n - 388 = 0, v - t*n = 84. What is the tens digit of v?
7
What is the units digit of -45*2*(-2076)/36?
0
Let m(s) = 129*s**2 - 7*s + 34. What is the tens digit of m(6)?
3
Suppose -4*s + 91 = 5*f, 0 = -4*s + 5*s + f - 23. Let t = 135 - s. What is the units digit of t?
1
Suppose -4*c = 8*o - 4*o - 984, 4 = 2*o. What is the units digit of c?
4
Suppose 3*w = q + 122, -2*q + 4*q - 2*w = -236. Let x = q + 382. What is the units digit of x?
6
Let x(l) = 97*l**2 + 100*l + 10. What is the tens digit of x(3)?
8
Suppose 2792 = 7*v + 370. Suppose -a + 347 = 5*o, -2*a - 5*o + 328 = -v. What is the hundreds digit of a?
3
Let t(z) = -3*z**3 - 6*z**2 - 30*z + 7. What is the units digit of t(-7)?
2
Suppose 2*b + 221 = -3*x + 1942, -5*b - 2885 = -5*x. What is the hundreds digit of x?
5
Suppose -6*s = 5595 - 20163. What is the thousands digit of s?
2
Suppose 20 = -4*w - 4*u, 0 = u + 3 - 0. What is the units digit of 4*w/4 + 25?
3
Suppose 4*k - 4*o = -6 - 14, 0 = -3*o + 12. Suppose 3*z + 82 = 13. What is the units digit of (-3)/(k + 4)*z?
3
Suppose 0 = 4*r, 3*r - 90 = 5*c + 6*r. Let y = 23 + 0. What is the tens digit of (0 + y)/((-18)/c)?
2
Suppose 2*d + f + 6 = 4*d, 0 = -d - f. Suppose -d*m + b - 41 = 0, 2*b + 79 = -4*m + 5*b. Let z = m + 48. What is the units digit of z?
6
Suppose 23 + 43 = 2*d. Let j = 56 - d. What is the units digit of j?
3
Let p be 1 + -1 + 1 + (-9 - -10). Suppose 3*k + 239 = 2*x, -p*x - 67 = -2*k - 301. What is the tens digit of x?
1
Suppose 299 = d + 3*i, -4*i - 592 = -2*d - 7*i. What is the hundreds digit of d?
2
Let x = 29 - 20. Suppose 5*t - 21 = x. What is the units digit of t?
6
Let p be (-5430)/(-15) + (2 - (6 + -1)). Suppose -3*w + 375 = -2*o, -5*w + 3*o + 265 = -p. What is the units digit of w?
3
Let g be (16/6)/((-2)/(-3)). Let x be 2*(g - 6) - -15. Let y(q) = q**3 - 11*q**2 + 2*q - 14. What is the units digit of y(x)?
8
Let k be 3/12 + (-8250)/(-24). Suppose r - k = -3*r. What is the tens digit of r?
8
Let q be 3/(-12)*(-392)/2. Suppose h - 67 = q. What is the tens digit of h?
1
Suppose 2*n + 4 = 6*n. Suppose u = 2*r - 3, -u - 1 = 2*r - 6*u. Let h = r - n. What is the units digit of h?
1
Suppose -3*d - d = -32. Suppose -3*t + d*t = 25. Suppose -4*z = t*c - 55, z - 55 = -5*c - z. What is the units digit of c?
1
Suppose 3*b = -2*q + 1566, 0 = 2*b + 52 - 44. What is the hundreds digit of q?
7
Suppose 3*z + 3 = 9. Let t(u) = u**2. Let k be t(z). Suppose k*l + 3*j - 51 = 0, -4*l + 50 = -0*l + 2*j. What is the units digit of l?
2
Suppose -4*w + 6*w - 22 = 0. Let u(f) = -f**2 + 11*f + 2. Let y be u(w). Suppose -h = 5*z - 145, 4*h - 4 - 54 = -y*z. What is the units digit of z?
9
Let d(w) = 5*w**2 + 5*w + 1. Let t(g) = 14*g**2 + 14*g + 2. Let n(p) = 17*d(p) - 6*t(p). What is the units digit of n(0)?
5
Let o(i) = -i**3 - 6*i**2 - 6*i - 3. Let s be o(-5). Suppose s*p = 4 + 4. What is the units digit of (44/8 - p)*2?
3
Let r(z) = z**2 - 8*z + 9. Let a be r(7). Suppose -5*d + 283 = -3*i, 0 = -a*i - 2. What is the tens digit of d?
5
Let t = -358 - 64. Let n = -190 - t. What is the tens digit of n?
3
Let m = -91 - -94. Suppose 5*c = 4*f - 676, -162 = -5*f + 4*f + m*c. What is the tens digit of f?
7
Let f = 3009 + -474. What is the hundreds digit of f?
5
Suppose d - 2*i = 2*i + 4, 0 = -4*d - 5*i + 16. Let y = d + -2. Let q(s) = 12*s + 2. What is the tens digit of q(y)?
2
Let n = -36 - -39. Suppose 30 = -n*j - 30. What is the tens digit of (-1 - (-1 - -3))*j?
6
Let b(s) = -s + 5. Let k = 7 - 10. Let a be ((-90)/(-35))/(k/14). What is the units digit of b(a)?
7
Let d(v) = v + 1. Let a be d(1). Suppose -a*q + 196 = -6*t + 5*t, -20 = -5*t. What is the units digit of q/8*14/5?
5
Let x(w) = -4*w**3 - 2*w**2 + 11*w. What is the tens digit of x(-10)?
9
Let p be (4/6)/(2/276). Let i be -36*1 + 22 + -31. Let c = i + p. What is the tens digit of c?
4
Suppose 4*z - 14 = 6. Let s(c) be the first derivative of c**2 - c + 5. What is the units digit of s(z)?
9
Suppose -2*s = -3*s. Suppose s = 4*m - 5 - 7. Suppose j + 3*j = 4*y - 112, -m*y + 54 = 3*j. What is the tens digit of y?
2
Suppose -5*c - 37 = -0*o + o, -2*o = 5*c + 54. Let r = o + 18. What is the units digit of r?
1
Let s = 581 + -102. What is the tens digit of s?
7
Let n be (4 + 2 + -36)*(-6)/(-4). What is the tens digit of n/9*3/(-5) - -61?
6
Let p be 9 - (-1 + -3 + 1). Suppose -3*f = -b + 6*b + p, -b + 4*f = 7. Let y = 25 - b. What is the units digit of y?
8
Let j = 958 - -622. What is the tens digit of j?
8
Suppose d + o - 7 = 0, 0 = -4*d - 0*d + 4*o + 36. Suppose 3*u = 6, 10 = -3*g + d*g + 5*u. What is the tens digit of 29 - (3 + g + -2)?
2
Let m(w) = 6*w**3 + 2*w**2 - 3*w + 3. Let j(o) = -o**2. Let t(p) = 5*j(p) + m(p). What is the units digit of t(3)?
9
Suppose -9*u - 415 = -100. Let k = u - -75. What is the units digit of k?
0
What is the units digit of (-201)/(-2)*(-374)/(-33)?
9
Let q = -63 - -41. Let l = 23 + q. Let c = 8 - l. What is the units digit of c?
7
Suppose -654 = 4*h + q + 2*q, -5*h + 4*q - 802 = 0. Let w = h + 256. What is the tens digit of w?
9
Suppose 20*n = 3*x + 18*n - 1199, 1204 = 3*x - n. What is the units digit of x?
3
Let n(m) = -m**2 + 3*m + 7. Let u be n(5). Let j = -48 - -59. Let q = j + u. What is the units digit of q?
8
Suppose 253 = 5*z - 7192. What is the thousands digit of z?
1
Suppose 5*y - 4*d - 16305 = 0, -4*y + 17091 = -5*d + 4047. What is the units digit of y?
1
Suppose i = -4*i + w + 5, -25 = -2*i + 5*w. Let u(l) be the second derivative of l**4/12 + l**3/6 + 7*l**2/2 + 57*l. What is the units digit of u(i)?
7
Let y = 52 + -86. Let w be y/(-5) - 52/65. Suppose 2*j = w*j - 36. What is the units digit of j?
9
Let h be 4/(4/39) - -1. Let p = -424 + 424. Suppose -2*x + h = -p*x. What is the tens digit of x?
2
Suppose -126 = -3*j - 4*a, -8*j + 2*a = -5*j - 144. What is the tens digit of j?
4
Let w(h) be the third derivative of -h**6/120 - h**5/20 - h**4/24 + h**3/3 + 5*h**2. Let o be w(-2). Suppose k - 40 - 2 = o. What is the units digit of k?
2
Suppose -18*h + 10986 = -24906. What is the tens digit of h